e 13.
107a47
-4415 (base 15) to base 5
-430140
Convert 145aa4 (base 14) to base 6.
23054332
-23133203 (base 4) to base 16
-b7e3
Convert -3837563 (base 10) to base 11.
-2191244
Convert -120221002102 (base 3) to base 13.
-ac931
Convert -3101300221 (base 4) to base 12.
-355261
-64614 (base 7) to base 12
-9383
874570 (base 11) to base 13
39ba8c
-1694a67 (base 12) to base 3
-22210110120021
341c2 (base 14) to base 2
11110111001111110
-377b2 (base 14) to base 6
-2525320
What is -111110020210221 (base 3) in base 2?
-11011010001100101000111
30774135 (base 8) to base 11
3775391
19a0b (base 15) to base 10
83261
Convert 2071262 (base 8) to base 10.
553650
Convert 2020020001200 (base 3) to base 12.
491bb3
2bfba (base 16) to base 15
385a4
Convert 9410932 (base 10) to base 15.
c5d657
1013202441 (base 5) to base 10
2084746
-85489 (base 11) to base 13
-447b6
What is 427098 (base 12) in base 9?
1867868
What is 121001100102 (base 3) in base 15?
6390b
What is 1119675 (base 11) in base 7?
22442255
What is -575b1 (base 14) in base 8?
-636707
What is 808109 (base 11) in base 6?
43502430
Convert 11110000100100101011 (base 2) to base 8.
3604453
11101000011111101111000 (base 2) to base 8
35037570
What is 6b43d (base 14) in base 2?
111111110110001111
-4423312220 (base 5) to base 7
-144333423
Convert 1011013301 (base 4) to base 5.
33024441
-2341111 (base 6) to base 12
-5a797
-2090157 (base 10) to base 15
-2b448c
What is 22173724 (base 8) in base 2?
10010001111011111010100
81318 (base 10) to base 9
133483
-21022201222101 (base 3) to base 16
-3b6392
What is 140c60 (base 13) in base 16?
770db
Convert -10a323 (base 11) to base 6.
-3425005
3121245 (base 7) to base 16
5b8f6
-102011302 (base 5) to base 12
-184752
Convert 122252 (base 12) to base 8.
1076336
What is -101a0 (base 16) in base 11?
-45607
-41330 (base 5) to base 8
-5233
What is -1112121220101 (base 3) in base 14?
-174833
Convert -576786 (base 11) to base 4.
-3133302331
Convert a06 (base 16) to base 5.
40231
Convert -508845 (base 10) to base 3.
-221212000010
Convert 1163656 (base 7) to base 2.
100100101011010010
53233413 (base 6) to base 11
975a71
What is -22014413 (base 5) in base 2?
-101110000100111101
7467a9 (base 13) to base 7
32120524
-50553545 (base 6) to base 9
-2643352
Convert -134846 (base 14) to base 13.
-1a3cc0
-4dfa1 (base 16) to base 2
-1001101111110100001
23742070 (base 8) to base 14
9a1144
-223b0 (base 16) to base 3
-21010022220
-3622905 (base 11) to base 12
-2145b4b
331281 (base 10) to base 5
41100111
10011011112012 (base 3) to base 16
199442
What is -131260 (base 10) in base 14?
-35b9a
What is -7eb5db (base 15) in base 10?
-6062831
7215 (base 11) to base 9
14118
What is 400332031 (base 5) in base 7?
16243653
130532501 (base 6) to base 3
11211012111201
Convert -23ece (base 16) to base 10.
-147150
Convert -266453 (base 7) to base 4.
-30102020
Convert 262803 (base 10) to base 2.
1000000001010010011
What is 101000011000110100110001 (base 2) in base 16?
a18d31
What is 1033202214 (base 5) in base 2?
1000100011000110100110
359090 (base 10) to base 11
225876
-85c624 (base 16) to base 12
-2b29604
What is -14460557 (base 8) in base 13?
-8b7ac3
What is -133111031321 (base 4) in base 16?
-7d5379
Convert -438b2 (base 14) to base 15.
-33730
23514 (base 15) to base 8
333607
What is -100201233130 (base 4) in base 11?
-249a094
What is 1666543 (base 7) in base 15?
49a71
What is 155203022 (base 7) in base 9?
21681648
-131310110 (base 4) to base 7
-1016033
43245106 (base 7) to base 15
4cde57
What is -90b225 (base 14) in base 5?
-2221333100
529166 (base 12) to base 11
809847
What is -212221121122 (base 3) in base 12?
-1a895b
What is 233442 (base 6) in base 9?
30708
Convert 108119 (base 12) to base 7.
2143146
-4839808 (base 10) to base 3
-100002212222011
What is -24637563 (base 9) in base 3?
-211201021122010
-19a61 (base 14) to base 5
-4041112
Convert 2dea9a (base 16) to base 11.
1775927
Convert -1346101 (base 7) to base 12.
-8805a
What is 14355510 (base 9) in base 6?
412355400
-a808d1 (base 14) to base 7
-66225051
Convert -513c (base 15) to base 8.
-41405
Convert -1468a6 (base 13) to base 9.
-842135
What is 2021104 (base 6) in base 9?
155814
What is -1456156 (base 7) in base 10?
-199030
1003333210 (base 4) to base 15
577ba
What is 101010011111110101000 (base 2) in base 4?
11103332220
40310065 (base 7) to base 11
1986755
What is 720407 (base 9) in base 12?
186ba4
Convert -1020544 (base 7) to base 15.
-2656d
What is 424911 (base 11) in base 12?
289573
-709a8 (base 13) to base 2
-110001001101110010
What is 302333013 (base 4) in base 13?
74097
Convert -2350650 (base 7) to base 14.
-7a897
-54855b (base 12) to base 6
-44431355
162062 (base 7) to base 5
2010233
-11413515 (base 6) to base 10
-359831
What is 4406604 (base 7) in base 3?
1000102222200
Convert -34d3 (base 15) to base 10.
-11223
Convert 352299 (base 13) to base 4.
10303333212
What is 220510 (base 7) in base 10?
38668
2b3c1 (base 16) to base 3
22222220212
What is 3214133 (base 6) in base 16?
26829
1352325 (base 6) to base 8
226335
Convert 6740 (base 16) to base 6.
322212
Convert 10000111100110111000 (base 2) to base 8.
2074670
2100112212120 (base 3) to base 15
19a966
26134542 (base 7) to base 5
1102104022
-2011020021112 (base 3) to base 14
-21b9cb
What is 110010001101001101010 (base 2) in base 5?
410121122
6115 (base 16) to base 11
17744
Convert -c864 (base 13) to base 10.
-27798
Convert 7313165 (base 8) to base 13.
52b797
Convert -13741300 (base 8) to base 4.
-23330023000
Convert 751752 (base 8) to base 9.
422101
What is -1a40335 (base 14) in base 9?
-26517716
Convert 74bee4 (base 16) to base 4.
131023323210
What is 55a63 (base 13) in base 6?
3200105
-122101020121 (base 3) to base 13
-bc91a
Convert -395ca2 (base 13) to base 4.
-11101322021
Convert -100211000011111 (base 3) to base 13.
-1108279
-102020210122021 (base 3) to base 11
-3414723
What is 1d694 (base 14) in base 8?
223202
What is -1000100100111011001 (base 2) in base 8?
-1044731
-11013532 (base 8) to base 5
-1101142044
What is 11101001110110101 (base 2) in base 3?
20002020120
-1001101010110101001 (base 2) to base 8
-1152651
What is -115312402 (base 7) in base 2?
-11011100101001101010111
672993a (base 11) to base 7
202201520
What is 200304631 (base 7) in base 5?
10431103321
-18440644 (base 9) to base 12
-3144587
Convert 98771 (base 13) to base 3.
112000110112
Convert -441063 (base 8) to base 15.
-2dcce
What is 4442410 (base 6) in base 13?
7a95b
Convert 10212121012221 (base 3) to base 7.
23333332
Convert -a4ba7 (base 14) to base 8.
-1410177
-222522 (base 10) to base 11
-142203
-1111110010100110 (base 2) to base 10
-64678
-2039528 (base 10) to base 16
-1f1ee8
Convert 3932a6 (base 11) to base 2.
10010111001100001001
What is -4161507 (base 10) in base 6?
-225110123
Convert -1102313030 (base 5) to base 16.
-2465ee
-d8c53 (base 16) to base 12
-3699ab
Convert -23230b (base 13) to base 14.
-1798cd
What is -1833b (base 14) in base 9?
-102617
Convert -13323313 (base 4) to base 2.
-111111011110111
Convert -376186 (base 14) to base 7.
-22066626
333351 (base 7) to base 6
1132220
Convert -35a3494 (base 11) to base 14.
-b93476
What is 200452 (base 8) in base 4?
100010222
What is -86629 (base 11) in base 14?
-33c2b
What is 17a993 (base 12) in base 3?
202222002010
551e (base 15) to base 4
10121231
Convert -25521054 (base 9) to base 15.
-117840d
Convert -650314 (base 7) to base 16.
-1b96d
What is -160a8 (base 13) in base 3?
-2010110011
What is -4344020 (base 6) in base 16?
-34bcc
-4423423 (base 5) to base 9
-126234
What is -27122 (base 15) in base 12?
-604b8
What is -21111012002010 (base 3) in base 15?
-539263
Convert -5271455 (base 8) to base 2.
-101010111001100101101
Convert -3013013202 (base 4) to base 3.
-1112102202220
What is -1245311230 (base 6) in base 9?
-30780170
What is -2256905 (base 10) in base 2?
-1000100111000000001001
-25353045 (base 6) to base 5
-202324022
-416400 (base 8) to base 16
-21d00
What is 15220108 (base 9) in base 10?
7571483
Convert -3080aa (base 13) to base 8.
-4242113
312214 (base 8) to base 13
381a6
2311200 (base 5) to base 14
1114d
What is -3abb02 (base 13) in base 16?
-15c06d
What is -22203112 (base 4) in base 3?
-2012021211
Convert 204a75 (base 11) to base 15.
675e8
194811a (base 12) to base